late the highest common factor of 1859 and 4981444.
169
What is the greatest common factor of 24003020 and 60?
20
What is the greatest common divisor of 782916 and 24168?
636
What is the greatest common factor of 44 and 214606007?
11
What is the highest common factor of 88 and 60616732?
44
Calculate the greatest common divisor of 1719 and 42435998.
191
Calculate the greatest common factor of 332 and 798748.
4
Calculate the greatest common divisor of 692679107 and 34676.
8669
What is the highest common factor of 14015348 and 11656?
124
Calculate the highest common divisor of 54307 and 109068204.
4937
Calculate the greatest common divisor of 263490 and 12010.
10
Calculate the greatest common factor of 674 and 5207998.
674
What is the greatest common factor of 73220696 and 8?
8
Calculate the highest common divisor of 374 and 219274.
22
What is the highest common factor of 1944 and 134920728?
648
Calculate the highest common factor of 1169 and 267435.
7
What is the greatest common factor of 1430 and 84642?
2
Calculate the highest common factor of 345666 and 9.
3
Calculate the highest common divisor of 8672824 and 48.
8
Calculate the greatest common factor of 143735558 and 4192.
262
What is the highest common factor of 1162014 and 7042?
14
What is the highest common factor of 5 and 564373295?
5
Calculate the highest common divisor of 29449525 and 98469.
3647
What is the greatest common divisor of 149545 and 190245?
55
Calculate the highest common factor of 7592 and 4120532.
52
What is the greatest common factor of 5054469 and 744793?
7231
Calculate the greatest common divisor of 269236044 and 924.
924
What is the greatest common divisor of 645 and 1805565?
15
Calculate the greatest common divisor of 5 and 78845285.
5
Calculate the greatest common factor of 129908 and 22936.
188
What is the greatest common factor of 31817788 and 4976?
1244
Calculate the highest common factor of 36209810 and 26.
26
Calculate the greatest common factor of 9645 and 525405.
15
Calculate the highest common factor of 30969 and 66371.
31
Calculate the highest common divisor of 3197 and 106616753.
3197
Calculate the highest common divisor of 58 and 70295623.
29
What is the highest common factor of 59836 and 1148?
28
What is the highest common factor of 283073 and 882?
49
Calculate the highest common factor of 9576 and 891081.
171
What is the highest common divisor of 513 and 2701344?
57
Calculate the highest common divisor of 94528 and 164192.
224
What is the highest common factor of 2550 and 5072698?
34
Calculate the greatest common divisor of 9372714 and 9672.
78
What is the highest common factor of 20 and 51684580?
20
What is the greatest common divisor of 11934 and 308516?
442
What is the highest common divisor of 90 and 5146047?
9
What is the greatest common factor of 34268028 and 17292?
1572
Calculate the highest common divisor of 292552 and 1682.
58
Calculate the greatest common factor of 482046 and 96.
6
Calculate the greatest common factor of 695 and 222315.
5
What is the highest common factor of 9141032 and 10571?
961
Calculate the greatest common divisor of 7320 and 6127755.
915
Calculate the greatest common divisor of 3630394 and 10629.
1181
What is the highest common divisor of 7 and 31453170?
7
Calculate the greatest common factor of 11406996 and 612.
36
Calculate the highest common divisor of 13243 and 2246431.
697
What is the greatest common factor of 34880 and 57619580?
2180
Calculate the greatest common factor of 2157683 and 869.
11
What is the greatest common divisor of 813623685 and 2490?
1245
Calculate the highest common divisor of 84730 and 2675470.
370
Calculate the highest common factor of 3630 and 5673030.
330
Calculate the highest common divisor of 50348782 and 22.
22
What is the highest common divisor of 20576 and 4016821?
643
What is the highest common divisor of 255 and 389146065?
255
Calculate the highest common divisor of 11532 and 92400.
12
Calculate the greatest common divisor of 46052 and 4336312.
116
What is the highest common divisor of 144 and 2046432?
48
What is the highest common divisor of 1485360 and 176580?
180
Calculate the highest common factor of 100701393 and 78.
39
Calculate the highest common divisor of 1017289912 and 2264.
2264
Calculate the highest common divisor of 3760110 and 690.
30
What is the highest common divisor of 60 and 617355?
15
Calculate the greatest common factor of 9188891 and 31027.
1633
What is the highest common factor of 91 and 16652623?
13
Calculate the greatest common factor of 40667 and 48004.
11
Calculate the highest common divisor of 1840 and 55604528.
16
What is the highest common factor of 54306 and 2582920074?
18102
What is the highest common factor of 10284 and 170092218?
5142
What is the greatest common factor of 1001 and 82271189?
1001
Calculate the greatest common factor of 3169196 and 12.
4
What is the highest common factor of 7105 and 6020336490?
7105
What is the greatest common factor of 132181 and 2873500?
5747
Calculate the greatest common divisor of 2106 and 275346.
54
Calculate the highest common divisor of 81472 and 7839.
67
Calculate the greatest common divisor of 1165192 and 168.
56
Calculate the highest common divisor of 4713126 and 198.
66
What is the greatest common divisor of 443 and 12048271?
443
Calculate the greatest common divisor of 368919 and 17.
1
Calculate the highest common factor of 2780 and 906134745.
695
Calculate the greatest common divisor of 1431 and 27070227.
1431
Calculate the greatest common divisor of 862046847 and 27.
27
What is the highest common divisor of 17337085 and 3620?
905
Calculate the greatest common factor of 284 and 74778052.
284
Calculate the highest common factor of 19 and 2199950891.
19
What is the greatest common factor of 694 and 49940587?
347
What is the greatest common divisor of 119139027 and 63?
21
What is the greatest common divisor of 20578352 and 1040?
16
What is the greatest common factor of 17579786 and 658?
658
What is the greatest common factor of 83520 and 550080?
2880
Calculate the greatest common divisor of 62 and 71582503.
31
What is the greatest common factor of 348 and 13431031?
29
What is the greatest common factor of 22494309 and 969?
57
Calculate the greatest common divisor of 9849 and 2532581709.
9849
Calculate the highest common factor of 191099960 and 120.
40
Calculate the highest common factor of 1977137 and 71.
71
Calculate the highest common factor of 9265 and 6896866.
1853
What is the highest common divisor of 194953 and 14245?
407
Calculate the greatest common factor of 5540693 and 9392.
587
What is the highest common factor of 1296815 and 247?
13
What is the greatest common factor of 93552 and 195216?
48
Calculate the highest common divisor of 1991044 and 17168.
148
What is the highest common divisor of 54 and 77302539?
27
Calculate the highest common factor of 3040229 and 1462.
731
Calculate the highest common factor of 8465376 and 80006.
218
Calculate the highest common factor of 528 and 14634224.
176
What is the greatest common factor of 4093577 and 3961?
233
What is the highest common divisor of 3342339 and 24843?
1911
What is the highest common factor of 5366 and 206?
2
Calculate the greatest common factor of 34959630 and 7440.
930
Calculate the highest common divisor of 79120 and 720938.
86
Calculate the highest common factor of 106605556 and 908.
908
What is the greatest common factor of 146880 and 10651095?
2295
Calculate the highest common divisor of 1226 and 16426561.
613
Calculate the greatest common factor of 4372 and 27914127.
1093
What is the highest common divisor of 643 and 544096312?
643
Calculate the greatest common divisor of 39185 and 3451.
17
Calculate the greatest common factor of 17528 and 3007930.
626
Calculate the highest common divisor of 10 and 41380280.
10
What is the highest common factor of 9891 and 1029987?
63
Calculate the greatest common factor of 282975 and 6201525.
825
What is the greatest common divisor of 44405 and 432815?
535
Calculate the greatest common divisor of 135 and 41517855.
45
What is the greatest common factor of 946 and 13729331?
11
What is the highest common factor of 35 and 475566?
7
What is the highest common factor of 48998288 and 2544?
848
Calculate the gre